{"id":568,"date":"2022-06-29T08:39:40","date_gmt":"2022-06-29T08:39:40","guid":{"rendered":"http:\/\/fastwpdemo.com\/demo\/buffalo\/?page_id=16"},"modified":"2026-01-06T11:27:45","modified_gmt":"2026-01-06T04:27:45","slug":"home","status":"publish","type":"page","link":"https:\/\/padthai.vn\/","title":{"rendered":"Trang Ch\u1ee7"},"content":{"rendered":"\t\t<div data-elementor-type=\"wp-page\" data-elementor-id=\"568\" class=\"elementor elementor-568\">\n\t\t\t\t\t\t<section class=\"elementor-section elementor-top-section elementor-element elementor-element-007b501 elementor-section-full_width elementor-section-height-default elementor-section-height-default\" data-id=\"007b501\" data-element_type=\"section\">\n\t\t\t\t\t\t<div class=\"elementor-container elementor-column-gap-default\">\n\t\t\t\t\t<div class=\"elementor-column elementor-col-100 elementor-top-column elementor-element elementor-element-830af60\" data-id=\"830af60\" data-element_type=\"column\">\n\t\t\t<div class=\"elementor-widget-wrap elementor-element-populated\">\n\t\t\t\t\t\t<div class=\"elementor-element elementor-element-e9563ad elementor-widget elementor-widget-slider_revolution\" data-id=\"e9563ad\" data-element_type=\"widget\" data-widget_type=\"slider_revolution.default\">\n\t\t\t\t\t\r\n\t\t<div class=\"wp-block-themepunch-revslider\">\n\t\t\t<!-- START Slider 2 1 1 REVOLUTION SLIDER 6.5.25 --><p class=\"rs-p-wp-fix\"><\/p>\n\t\t\t<rs-module-wrap id=\"rev_slider_4_1_wrapper\" data-source=\"gallery\" style=\"visibility:hidden;background:transparent;padding:0;margin:0px auto;margin-top:0;margin-bottom:0;\">\n\t\t\t\t<rs-module id=\"rev_slider_4_1\" style=\"\" data-version=\"6.5.25\">\n\t\t\t\t\t<rs-slides>\n\t\t\t\t\t\t<rs-slide style=\"position: absolute;\" data-key=\"rs-8\" data-title=\"Slide\" data-thumb=\"\/\/padthai.vn\/wp-content\/uploads\/2025\/12\/Phat_Thai_kung_Chang_Khien_street_stall.jpg\" data-in=\"o:0;\" data-out=\"a:false;\">\n\t\t\t\t\t\t\t<img fetchpriority=\"high\" decoding=\"async\" src=\"\/\/padthai.vn\/wp-content\/plugins\/revslider\/public\/assets\/assets\/dummy.png\" alt=\"Slide\" title=\"OLYMPUS DIGITAL CAMERA\" width=\"2500\" height=\"2500\" class=\"rev-slidebg tp-rs-img rs-lazyload\" data-lazyload=\"\/\/padthai.vn\/wp-content\/plugins\/revslider\/public\/assets\/assets\/transparent.png\" data-no-retina>\n<!--\n\t\t\t\t\t\t\t--><rs-layer\n\t\t\t\t\t\t\t\tid=\"slider-4-slide-8-layer-2\" \n\t\t\t\t\t\t\t\tdata-type=\"image\"\n\t\t\t\t\t\t\t\tdata-rsp_ch=\"on\"\n\t\t\t\t\t\t\t\tdata-xy=\"xo:-125px,-74px,-56px,-36px;yo:-335px,-647px,-491px,-8px;\"\n\t\t\t\t\t\t\t\tdata-text=\"w:normal;s:20,16,12,7;l:0,20,15,9;\"\n\t\t\t\t\t\t\t\tdata-dim=\"w:1414px,1167px,886px,546px;h:2000px,1651px,1254px,773px;\"\n\t\t\t\t\t\t\t\tdata-vbility=\"f,f,f,t\"\n\t\t\t\t\t\t\t\tdata-frame_999=\"o:0;st:w;\"\n\t\t\t\t\t\t\t\tstyle=\"z-index:9;\"\n\t\t\t\t\t\t\t><img decoding=\"async\" src=\"\/\/padthai.vn\/wp-content\/plugins\/revslider\/public\/assets\/assets\/dummy.png\" alt=\"\" class=\"tp-rs-img rs-lazyload\" width=\"1414\" height=\"2000\" data-lazyload=\"\/\/padthai.vn\/wp-content\/uploads\/2026\/03\/17.png\" data-no-retina> \n\t\t\t\t\t\t\t<\/rs-layer><!--\n\n\t\t\t\t\t\t\t--><rs-layer\n\t\t\t\t\t\t\t\tid=\"slider-4-slide-8-layer-13\" \n\t\t\t\t\t\t\t\tdata-type=\"image\"\n\t\t\t\t\t\t\t\tdata-rsp_ch=\"on\"\n\t\t\t\t\t\t\t\tdata-xy=\"xo:-76px,-171px,-382px,-499px;yo:-33px,-207px,-155px,-19px;\"\n\t\t\t\t\t\t\t\tdata-text=\"w:normal;s:20,16,12,7;l:0,20,15,9;\"\n\t\t\t\t\t\t\t\tdata-dim=\"w:1374px,1369.988px,1527px,1708px;h:1031px,1027px,1145px,1281px;\"\n\t\t\t\t\t\t\t\tdata-vbility=\"t,t,t,f\"\n\t\t\t\t\t\t\t\tdata-frame_999=\"o:0;st:w;\"\n\t\t\t\t\t\t\t\tstyle=\"z-index:10;\"\n\t\t\t\t\t\t\t><img decoding=\"async\" src=\"\/\/padthai.vn\/wp-content\/plugins\/revslider\/public\/assets\/assets\/dummy.png\" alt=\"\" class=\"tp-rs-img rs-lazyload\" width=\"800\" height=\"600\" data-lazyload=\"\/\/padthai.vn\/wp-content\/uploads\/2026\/03\/18.png\" data-no-retina> \n\t\t\t\t\t\t\t<\/rs-layer><!--\n-->\t\t\t\t\t\t<\/rs-slide>\n\t\t\t\t\t\t<rs-slide style=\"position: absolute;\" data-key=\"rs-9\" data-title=\"Slide\" data-in=\"o:0;\" data-out=\"a:false;\">\n\t\t\t\t\t\t\t<img decoding=\"async\" src=\"\/\/padthai.vn\/wp-content\/plugins\/revslider\/public\/assets\/assets\/dummy.png\" alt=\"Slide\" title=\"Trang Ch\u1ee7\" class=\"rev-slidebg tp-rs-img rs-lazyload\" data-lazyload=\"\/\/padthai.vn\/wp-content\/plugins\/revslider\/public\/assets\/assets\/transparent.png\" data-no-retina>\n<!--\n\t\t\t\t\t\t\t--><rs-layer\n\t\t\t\t\t\t\t\tid=\"slider-4-slide-9-layer-18\" \n\t\t\t\t\t\t\t\tdata-type=\"image\"\n\t\t\t\t\t\t\t\tdata-rsp_ch=\"on\"\n\t\t\t\t\t\t\t\tdata-xy=\"xo:-159px,-157px,-383px,-290px;yo:-88px,-71px,13px,-3px;\"\n\t\t\t\t\t\t\t\tdata-text=\"w:normal;s:20,16,12,7;l:0,20,15,9;\"\n\t\t\t\t\t\t\t\tdata-dim=\"w:1599px,1325px,1425px,981px;h:1198.992px,993.994px,1069px,735.998px;\"\n\t\t\t\t\t\t\t\tdata-frame_999=\"o:0;st:w;\"\n\t\t\t\t\t\t\t\tstyle=\"z-index:5;\"\n\t\t\t\t\t\t\t><img loading=\"lazy\" decoding=\"async\" src=\"\/\/padthai.vn\/wp-content\/plugins\/revslider\/public\/assets\/assets\/dummy.png\" alt=\"\" class=\"tp-rs-img rs-lazyload\" width=\"800\" height=\"600\" data-lazyload=\"\/\/padthai.vn\/wp-content\/uploads\/2026\/03\/3.png\" data-no-retina> \n\t\t\t\t\t\t\t<\/rs-layer><!--\n-->\t\t\t\t\t\t<\/rs-slide>\n\t\t\t\t\t\t<rs-slide style=\"position: absolute;\" data-key=\"rs-10\" data-title=\"Slide\" data-in=\"o:0;\" data-out=\"a:false;\">\n\t\t\t\t\t\t\t<img decoding=\"async\" src=\"\/\/padthai.vn\/wp-content\/plugins\/revslider\/public\/assets\/assets\/dummy.png\" alt=\"Slide\" title=\"Trang Ch\u1ee7\" class=\"rev-slidebg tp-rs-img rs-lazyload\" data-lazyload=\"\/\/padthai.vn\/wp-content\/plugins\/revslider\/public\/assets\/assets\/transparent.png\" data-no-retina>\n<!--\n\t\t\t\t\t\t\t--><rs-layer\n\t\t\t\t\t\t\t\tid=\"slider-4-slide-10-layer-4\" \n\t\t\t\t\t\t\t\tdata-type=\"image\"\n\t\t\t\t\t\t\t\tdata-rsp_ch=\"on\"\n\t\t\t\t\t\t\t\tdata-xy=\"xo:-61px,-186px,-383px,-458px;yo:2px,-9px,2px,106px;\"\n\t\t\t\t\t\t\t\tdata-text=\"w:normal;s:20,16,12,7;l:0,20,15,9;\"\n\t\t\t\t\t\t\t\tdata-dim=\"w:1548px,1379px,1595px,1379px;h:998px,889px,1027.99px,889px;\"\n\t\t\t\t\t\t\t\tdata-frame_999=\"o:0;st:w;\"\n\t\t\t\t\t\t\t\tstyle=\"z-index:5;\"\n\t\t\t\t\t\t\t><img loading=\"lazy\" decoding=\"async\" src=\"\/\/padthai.vn\/wp-content\/plugins\/revslider\/public\/assets\/assets\/dummy.png\" alt=\"\" class=\"tp-rs-img rs-lazyload\" width=\"2560\" height=\"1650\" data-lazyload=\"\/\/padthai.vn\/wp-content\/uploads\/2026\/03\/GDDTK-STT-scaled.jpg\" data-no-retina> \n\t\t\t\t\t\t\t<\/rs-layer><!--\n-->\t\t\t\t\t\t<\/rs-slide>\n\t\t\t\t\t\t<rs-slide style=\"position: absolute;\" data-key=\"rs-11\" data-title=\"Slide\" data-in=\"o:0;\" data-out=\"a:false;\">\n\t\t\t\t\t\t\t<img decoding=\"async\" src=\"\/\/padthai.vn\/wp-content\/plugins\/revslider\/public\/assets\/assets\/dummy.png\" alt=\"Slide\" title=\"Trang Ch\u1ee7\" class=\"rev-slidebg tp-rs-img rs-lazyload\" data-lazyload=\"\/\/padthai.vn\/wp-content\/plugins\/revslider\/public\/assets\/assets\/transparent.png\" data-no-retina>\n<!--\n\t\t\t\t\t\t\t--><rs-layer\n\t\t\t\t\t\t\t\tid=\"slider-4-slide-11-layer-5\" \n\t\t\t\t\t\t\t\tdata-type=\"image\"\n\t\t\t\t\t\t\t\tdata-rsp_ch=\"on\"\n\t\t\t\t\t\t\t\tdata-xy=\"xo:-658px,-543px,-412px,-557px;yo:-89px,-73px,-55px,-33px;\"\n\t\t\t\t\t\t\t\tdata-text=\"w:normal;s:20,16,12,7;l:0,20,15,9;\"\n\t\t\t\t\t\t\t\tdata-dim=\"w:2560px,2114px,1606px,1537px;h:1146px,946px,718px,687.992px;\"\n\t\t\t\t\t\t\t\tdata-frame_999=\"o:0;st:w;\"\n\t\t\t\t\t\t\t\tstyle=\"z-index:5;\"\n\t\t\t\t\t\t\t><img loading=\"lazy\" decoding=\"async\" src=\"\/\/padthai.vn\/wp-content\/plugins\/revslider\/public\/assets\/assets\/dummy.png\" alt=\"\" class=\"tp-rs-img rs-lazyload\" width=\"2560\" height=\"1146\" data-lazyload=\"\/\/padthai.vn\/wp-content\/uploads\/2026\/03\/CCMR.jpg\" data-no-retina> \n\t\t\t\t\t\t\t<\/rs-layer><!--\n-->\t\t\t\t\t\t<\/rs-slide>\n\t\t\t\t\t\t<rs-slide style=\"position: absolute;\" data-key=\"rs-12\" data-title=\"Slide\" data-in=\"o:0;\" data-out=\"a:false;\">\n\t\t\t\t\t\t\t<img decoding=\"async\" src=\"\/\/padthai.vn\/wp-content\/plugins\/revslider\/public\/assets\/assets\/dummy.png\" alt=\"Slide\" title=\"Trang Ch\u1ee7\" class=\"rev-slidebg tp-rs-img rs-lazyload\" data-lazyload=\"\/\/padthai.vn\/wp-content\/plugins\/revslider\/public\/assets\/assets\/transparent.png\" data-no-retina>\n<!--\n\t\t\t\t\t\t\t--><rs-layer\n\t\t\t\t\t\t\t\tid=\"slider-4-slide-12-layer-11\" \n\t\t\t\t\t\t\t\tdata-type=\"image\"\n\t\t\t\t\t\t\t\tdata-rsp_ch=\"on\"\n\t\t\t\t\t\t\t\tdata-xy=\"xo:-81px,-1px,-3px,-2px;yo:-2px,-1px,1px,-5px;\"\n\t\t\t\t\t\t\t\tdata-text=\"w:normal;s:20,16,12,7;l:0,20,15,9;\"\n\t\t\t\t\t\t\t\tdata-dim=\"w:1376px,1022.992px,784px,482px;h:2064px,1534px,1176px,723px;\"\n\t\t\t\t\t\t\t\tdata-frame_999=\"o:0;st:w;\"\n\t\t\t\t\t\t\t\tstyle=\"z-index:7;\"\n\t\t\t\t\t\t\t><img loading=\"lazy\" decoding=\"async\" src=\"\/\/padthai.vn\/wp-content\/plugins\/revslider\/public\/assets\/assets\/dummy.png\" alt=\"\" class=\"tp-rs-img rs-lazyload\" width=\"1024\" height=\"1536\" data-lazyload=\"\/\/padthai.vn\/wp-content\/uploads\/2026\/03\/WFH-1.png\" data-no-retina> \n\t\t\t\t\t\t\t<\/rs-layer><!--\n-->\t\t\t\t\t\t<\/rs-slide>\n\t\t\t\t\t<\/rs-slides>\n\t\t\t\t<\/rs-module>\n\t\t\t\t<script>\n\t\t\t\t\tsetREVStartSize({c: 'rev_slider_4_1',rl:[1240,1024,778,480],el:[900,767.998,960,720],gw:[1240,1024,778,480],gh:[900,768,960,720],type:'standard',justify:'',layout:'fullwidth',mh:\"0\"});if (window.RS_MODULES!==undefined && window.RS_MODULES.modules!==undefined && window.RS_MODULES.modules[\"revslider41\"]!==undefined) {window.RS_MODULES.modules[\"revslider41\"].once = false;window.revapi4 = undefined;if (window.RS_MODULES.checkMinimal!==undefined) window.RS_MODULES.checkMinimal()}\n\t\t\t\t<\/script>\n\t\t\t<\/rs-module-wrap>\n\t\t\t<!-- END REVOLUTION SLIDER -->\n<\/div>\r\n\r\n\t\t\t\t\t\t<\/div>\n\t\t\t\t<div class=\"elementor-element elementor-element-ba36e3a elementor-widget elementor-widget-spacer\" data-id=\"ba36e3a\" data-element_type=\"widget\" data-widget_type=\"spacer.default\">\n\t\t\t\t\t\t\t<div class=\"elementor-spacer\">\n\t\t\t<div class=\"elementor-spacer-inner\"><\/div>\n\t\t<\/div>\n\t\t\t\t\t\t<\/div>\n\t\t\t\t\t<\/div>\n\t\t<\/div>\n\t\t\t\t\t<\/div>\n\t\t<\/section>\n\t\t\t\t<section class=\"elementor-section elementor-top-section elementor-element elementor-element-c61dec3 elementor-section-full_width elementor-section-height-default elementor-section-height-default\" data-id=\"c61dec3\" data-element_type=\"section\">\n\t\t\t\t\t\t<div class=\"elementor-container elementor-column-gap-default\">\n\t\t\t\t\t<div class=\"elementor-column elementor-col-100 elementor-top-column elementor-element elementor-element-e89888f\" data-id=\"e89888f\" data-element_type=\"column\">\n\t\t\t<div class=\"elementor-widget-wrap elementor-element-populated\">\n\t\t\t\t\t\t<div class=\"elementor-element elementor-element-86d5594 elementor-widget elementor-widget-spacer\" data-id=\"86d5594\" data-element_type=\"widget\" data-widget_type=\"spacer.default\">\n\t\t\t\t\t\t\t<div class=\"elementor-spacer\">\n\t\t\t<div class=\"elementor-spacer-inner\"><\/div>\n\t\t<\/div>\n\t\t\t\t\t\t<\/div>\n\t\t\t\t<div class=\"elementor-element elementor-element-abbe9a1 elementor-widget elementor-widget-buffalo_about_us\" data-id=\"abbe9a1\" data-element_type=\"widget\" data-widget_type=\"buffalo_about_us.default\">\n\t\t\t\t<div class=\"elementor-widget-container\">\n\t\t\t\t\t    <section class=\"about-section pt-0\">\n        <div class=\"auto-container\">\n            <div class=\"row\">\n                                <div class=\"col-md-6\">\n                    <div class=\"about-image-block wow fadeInUp\" data-wow-delay=\"0ms\" data-wow-duration=\"1500ms\">\n                        <div class=\"image-one\" data-parallax='{\"x\": 20}'> <img decoding=\"async\" src=\"https:\/\/padthai.vn\/wp-content\/uploads\/2022\/06\/image-1.png\" alt=\"Awesome Image\"> <\/div>                        <div class=\"image-two img_hover_1\"> <img decoding=\"async\" src=\"https:\/\/padthai.vn\/wp-content\/uploads\/2025\/12\/Image-2_Tom-Yum-Goong-1024x538-1-e1765891750459.png\" alt=\"Awesome Image\"> <\/div>                        <div class=\"image-three\"> <img decoding=\"async\" src=\"https:\/\/padthai.vn\/wp-content\/uploads\/2022\/06\/image-2.png\" alt=\"Awesome Image\"> <\/div>                    <\/div>\n                <\/div>\n                                <div class=\"col-md-6\">\n                    <div class=\"about-content-blcok wow fadeInUp\" data-wow-delay=\"300ms\" data-wow-duration=\"1500ms\">\n                                                <div class=\"title-box\">\n                            <div class=\"sub-title\">Gi\u1edbi thi\u1ec7u v\u1ec1 ch\u00fang t\u00f4i<\/div>                            <h2 class=\"sec-title\"> Padthai \u2013 H\u01b0\u01a1ng v\u1ecb Th\u00e1i Lan \u0111\u00edch th\u1ef1c! \n<\/h2> \n                        <\/div>\n                                                <p>T\u1ea1i Padthai, b\u1ea1n s\u1ebd \u0111\u01b0\u1ee3c th\u01b0\u1edfng th\u1ee9c nh\u1eefng m\u00f3n \u0103n chu\u1ea9n Th\u00e1i nh\u01b0 Pad Thai, Tom Yum, g\u1ecfi \u0111u \u0111\u1ee7 chua cay b\u00f9ng v\u1ecb, c\u00e1c m\u00f3n \u0103n \u0111\u01b0\u1eddng ph\u1ed1 h\u1ea5p d\u1eabn. Kh\u00f4ng gian \u1ea5m c\u00fang, th\u00e2n thi\u1ec7n, ph\u00f9 h\u1ee3p cho m\u1ecdi d\u1ecbp \u2013 t\u1eeb t\u1ee5 t\u1eadp b\u1ea1n b\u00e8, h\u1eb9n h\u00f2 \u0111\u1ebfn b\u1eefa \u0103n gia \u0111\u00ecnh.\n<BR><BR>\n\ud83d\ude97 \u0110\u1eadu xe ti\u1ec7n l\u1ee3i tr\u01b0\u1edbc c\u1eeda, ch\u1ec9 c\u1ea7n \u0111\u1ebfn l\u00e0 th\u01b0\u1edfng th\u1ee9c ngay! \n\n<br>- Hoa \u0110\u00e0o: 24 Hoa \u0110\u00e0o, P.2, Ph\u01b0\u1eddng C\u1ea7u Ki\u1ec7u, TP.HCM\n<br>- Th\u1ecb Ngh\u00e8: 26A X\u00f4 Vi\u1ebft Ngh\u1ec7 T\u0129nh, Ph\u01b0\u1eddng Th\u1ea1nh M\u1ef9 T\u00e2y, TP. HCM <\/p>                        \t\t\t\t\t\t<ul>\n\t\t\t\t\t\t\t\t\t\t\t\t\t\t<li><li>Ng\u00e0y: Th\u1ee9 2 - Ch\u1ee7 Nh\u1eadt<\/li><\/li>\n\t\t\t\t\t\t\t\t\t\t\t\t\t\t<li><li>Gi\u1edd: 10:30 - 22:00<\/li><\/li>\n\t\t\t\t\t\t\t\t\t\t\t\t\t\t<li><li>\u0110\u00f3ng b\u1ebfp: 21:30<\/li><\/li>\n\t\t\t\t\t\t\t\t\t\t\t\t\t<\/ul>\n\t\t\t\t\t\t                                            <\/div>\n                <\/div>\n            <\/div>\n        <\/div>\n    <\/section>  \n    \t\t\t\t<\/div>\n\t\t\t\t<\/div>\n\t\t\t\t\t<\/div>\n\t\t<\/div>\n\t\t\t\t\t<\/div>\n\t\t<\/section>\n\t\t\t\t<section class=\"elementor-section elementor-top-section elementor-element elementor-element-e1dbd53 elementor-section-full_width elementor-section-height-default elementor-section-height-default\" data-id=\"e1dbd53\" data-element_type=\"section\">\n\t\t\t\t\t\t<div class=\"elementor-container elementor-column-gap-default\">\n\t\t\t\t\t<div class=\"elementor-column elementor-col-100 elementor-top-column elementor-element elementor-element-eff9a85\" data-id=\"eff9a85\" data-element_type=\"column\">\n\t\t\t<div class=\"elementor-widget-wrap elementor-element-populated\">\n\t\t\t\t\t\t<div class=\"elementor-element elementor-element-4fec248 elementor-widget elementor-widget-buffalo_call_to_action\" data-id=\"4fec248\" data-element_type=\"widget\" data-widget_type=\"buffalo_call_to_action.default\">\n\t\t\t\t<div class=\"elementor-widget-container\">\n\t\t\t\t\t    <section class=\"cta-section\">\n        <div class=\"bg\" data-parallax='{\"y\": 100}'  style=\"background-image: url(https:\/\/padthai.vn\/wp-content\/uploads\/2022\/06\/image-7.jpg);\"><\/div>\n        <div class=\"auto-container wow fadeInUp\" data-wow-delay=\"0ms\" data-wow-duration=\"1500ms\" \">\n            <h2>\u0110\u1eb7t Ch\u1ed7 <br> Online.<\/h2>            <div class=\"text \">Ch\u00fang t\u00f4i nh\u1eadn \u0111\u1eb7t ch\u1ed7 tr\u01b0\u1edbc<\/div>                        <a href=\"https:\/\/padthai.cukcuk.vn\/order-online\/booking-online \" class=\"btn-style-one \">B\u1ea5m v\u00e0o \u0111\u00e2y<\/a>\n                    <\/div>\n\t<\/section>\n        \n        \n    \t\t\t\t<\/div>\n\t\t\t\t<\/div>\n\t\t\t\t\t<\/div>\n\t\t<\/div>\n\t\t\t\t\t<\/div>\n\t\t<\/section>\n\t\t\t\t<\/div>\n\t\t","protected":false},"excerpt":{"rendered":"<p>Gi\u1edbi thi\u1ec7u v\u1ec1 ch\u00fang t\u00f4i Padthai \u2013 H\u01b0\u01a1ng v\u1ecb Th\u00e1i Lan \u0111\u00edch th\u1ef1c! T\u1ea1i Padthai, b\u1ea1n s\u1ebd \u0111\u01b0\u1ee3c th\u01b0\u1edfng th\u1ee9c nh\u1eefng m\u00f3n \u0103n chu\u1ea9n Th\u00e1i nh\u01b0 Pad Thai, Tom Yum, g\u1ecfi \u0111u \u0111\u1ee7 chua cay b\u00f9ng v\u1ecb, c\u00e1c m\u00f3n \u0103n \u0111\u01b0\u1eddng ph\u1ed1 h\u1ea5p d\u1eabn. Kh\u00f4ng gian \u1ea5m c\u00fang, th\u00e2n thi\u1ec7n, ph\u00f9 h\u1ee3p cho m\u1ecdi d\u1ecbp [&hellip;]<\/p>\n","protected":false},"author":1,"featured_media":0,"parent":0,"menu_order":0,"comment_status":"closed","ping_status":"closed","template":"tpl-default-elementor.php","meta":{"footnotes":""},"class_list":["post-568","page","type-page","status-publish","hentry"],"_links":{"self":[{"href":"https:\/\/padthai.vn\/index.php?rest_route=\/wp\/v2\/pages\/568","targetHints":{"allow":["GET"]}}],"collection":[{"href":"https:\/\/padthai.vn\/index.php?rest_route=\/wp\/v2\/pages"}],"about":[{"href":"https:\/\/padthai.vn\/index.php?rest_route=\/wp\/v2\/types\/page"}],"author":[{"embeddable":true,"href":"https:\/\/padthai.vn\/index.php?rest_route=\/wp\/v2\/users\/1"}],"replies":[{"embeddable":true,"href":"https:\/\/padthai.vn\/index.php?rest_route=%2Fwp%2Fv2%2Fcomments&post=568"}],"version-history":[{"count":54,"href":"https:\/\/padthai.vn\/index.php?rest_route=\/wp\/v2\/pages\/568\/revisions"}],"predecessor-version":[{"id":762,"href":"https:\/\/padthai.vn\/index.php?rest_route=\/wp\/v2\/pages\/568\/revisions\/762"}],"wp:attachment":[{"href":"https:\/\/padthai.vn\/index.php?rest_route=%2Fwp%2Fv2%2Fmedia&parent=568"}],"curies":[{"name":"wp","href":"https:\/\/api.w.org\/{rel}","templated":true}]}}